 f(l) = 999*l**2 + 2013*l + 3. What is f(-2)?
-27
Let z(w) = -1693*w**2 - 26*w + 14. Calculate z(1).
-1705
Let v(g) = 4*g**3 - 75*g**2 + 93*g + 58. Determine v(18).
760
Let p(r) = -38*r**2 + 1554*r + 166. Determine p(41).
2
Let n(z) = 108920*z - 3594352. Determine n(33).
8
Let a(j) = 2072*j + 87047. What is a(-42)?
23
Let i(g) = -g**3 + 379*g**2 - 20068*g - 28977. Determine i(315).
3
Let x(v) = 5*v**3 + 18*v**2 - 61*v - 9. What is x(-5)?
121
Let o(f) = 124*f**2 - 59669*f + 12021. What is o(481)?
-4
Let g(o) = -36*o - 12192. Give g(-199).
-5028
Let c(g) = -117*g**2 - 2612*g - 5219. What is c(-2)?
-463
Let a(n) = 19*n**2 + 288*n - 216. What is a(-11)?
-1085
Let y(q) = 4*q**2 + 4789*q + 98548. Give y(-21).
-257
Let b(x) = 7067*x - 28284. Determine b(4).
-16
Let w(y) = 34*y**3 - 8*y**2 + 6*y - 3. What is w(3)?
861
Let d(t) = -t**3 - 26*t**2 - 35*t - 41. What is d(-10)?
-1291
Let n(m) = -m**2 - 79524*m - 1. What is n(0)?
-1
Let x(b) = 26*b - 1296. Determine x(47).
-74
Let a(s) = 2*s**3 - 7*s**2 + 861*s - 4345. Calculate a(5).
35
Let d(a) = 7*a - 124. What is d(4)?
-96
Let y(a) = -58*a + 989. Determine y(26).
-519
Let a(v) = -39*v**2 - 1817*v - 248. Give a(-47).
-1000
Let c(f) = -f**3 - 15*f**2 - 1133*f - 24659. What is c(-20)?
1
Let b(t) = -414*t - 14089. Give b(-34).
-13
Let u(t) = -114*t**2 + 1128*t - 809. Give u(9).
109
Let r(k) = 10*k - 21. Calculate r(-37).
-391
Let o(w) = 2*w**3 + 291*w**2 - 510*w - 53159. Calculate o(-146).
-15
Let h(g) = g**3 - 495*g**2 - 680*g - 156062. What is h(497)?
-4
Let y(v) = -4*v**3 - 6*v**2 - 720*v - 2172. Give y(-3).
42
Let d(n) = 102*n - 459. Give d(-9).
-1377
Let a(h) = -h**3 - 151*h**2 - 295*h + 481. Give a(-149).
34
Let i(x) = 114*x**2 + 15161*x - 151. Determine i(-133).
-18
Let i(h) = 36*h**2 + 3775*h + 33720. Determine i(-95).
-5
Let g(y) = 10*y**3 + 65*y**2 + 35*y + 498. Give g(-7).
8
Let t(h) = 146*h**2 - 2575*h - 5143. What is t(-2)?
591
Let p(k) = -k**3 - 46*k**2 + 402*k - 215. Determine p(7).
2
Let s(g) = g**3 - 12*g**2 - 78*g + 948. Calculate s(12).
12
Let m(s) = 8*s**3 + 19*s**2 + 12*s + 31. Determine m(-4).
-225
Let z(g) = -g**3 + 49*g**2 + 114*g - 4292. What is z(49)?
1294
Let o(t) = 150*t**2 - 3881*t + 10291. Determine o(3).
-2
Let u(f) = -f**3 - 27*f**2 - 2326*f - 4552. Calculate u(-2).
0
Let t(i) = 3*i**2 + 1120*i + 27701. Determine t(-26).
609
Let s(d) = 27*d**2 - 34308*d + 34307. What is s(1)?
26
Let h(a) = 12*a**3 + 326*a**2 + 32*a - 589. What is h(-27)?
5
Let q(m) = -35*m - 517. Calculate q(-4).
-377
Let o(a) = 42*a**2 + 233*a + 640. Give o(-3).
319
Let d(w) = 2*w**3 - 8*w**2 - 112174*w + 560819. Calculate d(5).
-1
Let y(q) = -176*q**2 + 18*q - 12. What is y(3)?
-1542
Let g(f) = -f**3 - 3*f**2 + 245*f - 75. Give g(7).
1150
Let g(m) = -8*m**2 - 217*m + 675. Determine g(3).
-48
Let q(z) = -z**3 + 42*z**2 + 18884*z + 474. Determine q(-118).
2
Let i(v) = -19536*v - 332071. Give i(-17).
41
Let p(u) = u**3 - 277*u**2 + 3158*u + 5701. Give p(265).
-129
Let x(v) = -9*v**2 - 112*v - 373. Determine x(-7).
-30
Let u(w) = -4*w**3 - 11*w**2 - 248*w - 1532. Determine u(-6).
424
Let m(w) = -74*w**2 - 321*w + 13. Determine m(-6).
-725
Let l(a) = -4*a**2 + 1572*a + 41774. Give l(418).
-26
Let x(s) = 3*s**2 - 243*s - 1235. Determine x(-5).
55
Let z(o) = o**2 + 201*o - 3745. What is z(16)?
-273
Let g(f) = 10*f**3 + 654*f**2 + 1015*f - 31306. What is g(-63)?
5
Let l(j) = -2*j**2 + 152*j + 2276. What is l(93)?
-886
Let i(t) = t**3 - 546*t**2 + 5344*t + 8588. Determine i(536).
12
Let w(f) = -62*f - 8668. What is w(-161)?
1314
Let h(v) = 52*v**2 - 11496*v + 306398. Determine h(31).
-6
Let s(m) = 6*m**2 + 10722*m + 32110. Determine s(-3).
-2
Let q(n) = 80*n - 15363. Give q(204).
957
Let y(o) = 473*o**2 - 597*o + 597. Give y(1).
473
Let p(i) = i**3 - 52*i**2 - 119*i + 1226. Determine p(4).
-18
Let w(t) = -30*t**3 + 277*t**2 - 46*t + 99. Give w(9).
252
Let d(o) = 8*o**2 + 308*o - 4369. Determine d(11).
-13
Let a(y) = 1974*y**2 + 412*y + 410. What is a(-1)?
1972
Let h(s) = -4*s**2 + 312966*s + 938895. Give h(-3).
-39
Let v(x) = -4*x**2 - 87*x + 3130. Determine v(19).
33
Let x(i) = 104*i**2 + 96066*i - 27715. Give x(-924).
5
Let i(k) = 11*k**3 + 1177*k**2 - 7*k - 758. What is i(-107)?
-9
Let k(j) = -8669*j**2 + 26002*j + 9. Give k(3).
-6
Let v(p) = 2*p**3 + 4*p**2 - 6683*p - 20041. What is v(-3)?
-10
Let b(u) = 29*u**2 - 4167*u - 14166. Calculate b(147).
-54
Let q(z) = -531*z - 27034. What is q(-52)?
578
Let d(n) = -3*n**2 + 5327*n - 15953. Give d(3).
1
Let s(v) = 194380*v + 10496518. Determine s(-54).
-2
Let v(n) = -2*n**2 - 3186*n + 278190. Calculate v(83).
-26
Let z(r) = 921*r**2 + 128*r + 127. Give z(-1).
920
Let g(u) = -27*u**2 + 34158*u - 37891. Calculate g(1264).
29
Let d(c) = -5683*c + 221177. Give d(39).
-460
Let m(v) = v**2 - 55*v + 499. Give m(10).
49
Let a(p) = p**3 + 70*p**2 + 1246*p + 952. Determine a(-32).
-8
Let f(a) = -a**2 + 50633*a + 253185. Determine f(-5).
-5
Let u(i) = i**2 - 70*i + 419. Calculate u(6).
35
Let h(s) = s**2 - 595*s + 67893. Calculate h(154).
-21
Let y(m) = -6*m**2 - 680*m - 14708. Determine y(-29).
-34
Let j(s) = 686*s**2 - 6851*s - 91. What is j(10)?
-1
Let f(u) = -2*u**2 + 63*u - 1092. Calculate f(32).
-1124
Let y(z) = 1551*z - 4870. Give y(3).
-217
Let g(c) = -c**3 + 98*c**2 - 81*c + 4987. Determine g(98).
-2951
Let z(g) = g**3 - 73*g**2 - 901*g - 663. Determine z(84).
1269
Let p(y) = -18381*y + 624860. What is p(34)?
-94
Let h(l) = 47*l**2 - 313*l + 415. Calculate h(2).
-23
Let w(d) = -2*d**2 + 810*d - 9511. Give w(12).
-79
Let w(a) = 8*a**2 + 1445*a - 10051. Calculate w(7).
456
Let q(m) = 80*m**3 - 8*m**2 + 17*m - 8. What is q(2)?
634
Let f(z) = z**3 - 27*z**2 + 307*z - 7301. What is f(26)?
5
Let p(k) = -1739984*k - 27839740. Calculate p(-16).
4
Let l(z) = -z**3 + 26*z**2 - 939*z + 24576. Determine l(26).
162
Let p(i) = -32304*i + 3424191. Calculate p(106).
-33
Let t(h) = -2562*h - 76758. What is t(-30)?
102
Let t(s) = -1296*s - 1063. Calculate t(-2).
1529
Let a(b) = 129*b - 11535. Give a(97).
978
Let s(b) = -3*b**2 - 263*b + 66167. Give s(111).
11
Let t(j) = -j**2 - 437*j - 45085. Determine t(-270).
5
Let j(b) = -4*b**2 - 4937*b - 130317. What is j(-27)?
66
Let c(u) = u**3 + 113*u**2 + 1217*u + 206. Determine c(-101).
-299
Let c(j) = -2*j**3 + 20*j**2 - 168*j + 1681. Determine c(9).
331
Let j(w) = 532*w - 77063. What is j(145)?
77
Let x(f) = 670*f**2 + 4024*f + 9. Give x(-6).
-15
Let h(k) = -22609*k - 1537405. Give h(-68).
7
Let a(n) = n**2 + 57919*n - 1738481. Determine a(30).
-11
Let d(k) = -663*k + 8516. Determine d(14).
-766
Let a(p) = p**2 + 362*p - 4115. What is a(11)?
-12
Let o(i) = i**2 + 63*i - 2016. Calculate o(24).
72
Let t(p) = p**3 + 209*p**2 + 2548*p + 124. Determine t(-196).
124
Let v(x) = 4*x**2 - 623*x + 1433. Calculate v(153).
-250
Let t(c) = c**2 - 68*c + 1057. Calculate t(46).
45
Let c(s) = -s**2 - 202*s - 5199. Determine c(-172).
-39
Let z(k) = -33*k + 89. Calculate z(-27).
980
Let m(n) = 721*n + 17553. Calculate m(-25).
-472
Let k(q) = 15*q**3 - 27*q**2 - 75*q + 6. Give k(-3).
-417
Let v(a) = -4*a**2 - 762*a + 5974. Calculate v(-198).
34
Let o(f) = -2*f**3 + 14*f**2 + 3126*f - 30659. Calculate o(10).
1
Let o(r) = 568*r - 5785. Calculate o(8).
-1241
Let r(t) = -107*t**2 + 71*t + 725. Determine r(3).
-25
Let a(s) = -4346*s - 65467. What is a(-15)?
-277
Let g(u) = -4872*u - 760029. Determine g(-156).
3
Let m(z) = -6284*z - 226211. Give m(-36).
13
Let t(a) = 3*a**2 + 1734*a + 152242. What is t(-108)?
-38
Let p(d) = 61507*d + 307624. Determine p(-5).
89
Let m(v) = 373*v - 1189. Calculate m(3).
-70
Let w(l) = -l**2 - 5014*l + 65421. What is w(13)?
70
Let o(y) = -y**3 - 62*y**2 - 27*y - 9. Calculate o(-5).
-1299
Let j(h) = 6*h**3 - 1219*h**2 - 7536*h - 29. Determine j(-6).
7
Let o(r) = r**3 - 76*r**2 - 2348*r + 170963. Determine o(78).
-13
Let z(t) = -426*t**2 + 2114*t - 89. Calculate z(5).
-169
Let v(l) = -6*l**2 + 426*l + 25658. Calculate v(-39).
-82
Let g(h) = h**3 + 228*h**2 + 257*h + 6985. Calculate g(-227).
175
Let u(k) = -66198*k + 9069122. What is u(137)?
-4
Let b(g) = 113*g**2 + 50*g + 52. Calculate b(-1).
115
Let x(w) = -11*w**2 + 1445*w - 1037. Determine x(133).
-3431
Let m(p) = 2*p**2 - 5501*p + 43892. What is m(8)?
12
Let k(s) = -2*s**2 - 67*s 